{"id":220,"date":"2022-07-21T20:09:50","date_gmt":"2022-07-21T20:09:50","guid":{"rendered":"https:\/\/virutasdeilusion.com\/blog\/?page_id=220"},"modified":"2025-03-09T10:45:40","modified_gmt":"2025-03-09T10:45:40","slug":"demostraciones","status":"publish","type":"page","link":"https:\/\/virutasdeilusion.com\/blog\/?page_id=220","title":{"rendered":"Demostraciones"},"content":{"rendered":"\n<p><strong>Demostraciones y Exposiciones de Torneado<\/strong><\/p>\n\n\n\n<p>En esta secci\u00f3n encontrar\u00e1s informaci\u00f3n sobre las demostraciones en vivo que realizamos para mostrar distintas t\u00e9cnicas de torneado. Aqu\u00ed publicaremos las fechas, horarios y lugares donde llevamos a cabo nuestras exhibiciones, tanto en eventos p\u00fablicos como en encuentros privados.<\/p>\n\n\n\n<p>Adem\u00e1s, podr\u00e1s consultar las exposiciones en las que participamos, donde mostramos piezas torneadas, compartimos conocimientos y conectamos con entusiastas y profesionales del mecanizado.<\/p>\n\n\n\n<p>\ud83d\udcc5\u00a0<strong>Consulta nuestro calendario para conocer las pr\u00f3ximas demostraciones y exposiciones<\/strong><\/p>\n\n\n\n<p>Si tienes dudas sobre el acceso a un evento o deseas m\u00e1s informaci\u00f3n, no dudes en contactarnos. \u00a1Nos vemos en nuestras demostraciones!<\/p>\n\n\n\n<p><strong>CALENDARIO<\/strong> | <strong>PROXIMOS EVENTOS<\/strong><\/p>\n\n\n\n<figure class=\"wp-block-table\"><table><tbody><tr><td class=\"has-text-align-center\" data-align=\"center\">FECHA<\/td><td class=\"has-text-align-center\" data-align=\"center\">LUGAR<\/td><td class=\"has-text-align-center\" data-align=\"center\">HORARIO<\/td><td class=\"has-text-align-center\" data-align=\"center\">PUBLICO<\/td><td class=\"has-text-align-center\" data-align=\"center\">PRIVADO<\/td><\/tr><tr><td class=\"has-text-align-center\" data-align=\"center\">21\/03\/2025<\/td><td class=\"has-text-align-center\" data-align=\"center\">Escuela industrial<br>Sabadell<\/td><td class=\"has-text-align-center\" data-align=\"center\">9H-12H<\/td><td class=\"has-text-align-center\" data-align=\"center\"><\/td><td class=\"has-text-align-center\" data-align=\"center\">privado<\/td><\/tr><tr><td class=\"has-text-align-center\" data-align=\"center\">Mayo<\/td><td class=\"has-text-align-center\" data-align=\"center\">Fira de asco<\/td><td class=\"has-text-align-center\" data-align=\"center\">9h-20h<\/td><td class=\"has-text-align-center\" data-align=\"center\">publico<\/td><td class=\"has-text-align-center\" data-align=\"center\"><\/td><\/tr><tr><td class=\"has-text-align-center\" data-align=\"center\">Mayo<\/td><td class=\"has-text-align-center\" data-align=\"center\">Badalona<\/td><td class=\"has-text-align-center\" data-align=\"center\">9h-15h<\/td><td class=\"has-text-align-center\" data-align=\"center\">publico<\/td><td class=\"has-text-align-center\" data-align=\"center\"><\/td><\/tr><\/tbody><\/table><\/figure>\n","protected":false},"excerpt":{"rendered":"<p>Demostraciones y Exposiciones de Torneado En esta secci\u00f3n encontrar\u00e1s informaci\u00f3n sobre las demostraciones en vivo que realizamos para mostrar distintas t\u00e9cnicas de torneado. Aqu\u00ed publicaremos &hellip; <\/p>\n","protected":false},"author":3,"featured_media":0,"parent":0,"menu_order":0,"comment_status":"closed","ping_status":"closed","template":"","meta":{"footnotes":""},"class_list":["post-220","page","type-page","status-publish","hentry"],"_links":{"self":[{"href":"https:\/\/virutasdeilusion.com\/blog\/index.php?rest_route=\/wp\/v2\/pages\/220","targetHints":{"allow":["GET"]}}],"collection":[{"href":"https:\/\/virutasdeilusion.com\/blog\/index.php?rest_route=\/wp\/v2\/pages"}],"about":[{"href":"https:\/\/virutasdeilusion.com\/blog\/index.php?rest_route=\/wp\/v2\/types\/page"}],"author":[{"embeddable":true,"href":"https:\/\/virutasdeilusion.com\/blog\/index.php?rest_route=\/wp\/v2\/users\/3"}],"replies":[{"embeddable":true,"href":"https:\/\/virutasdeilusion.com\/blog\/index.php?rest_route=%2Fwp%2Fv2%2Fcomments&post=220"}],"version-history":[{"count":5,"href":"https:\/\/virutasdeilusion.com\/blog\/index.php?rest_route=\/wp\/v2\/pages\/220\/revisions"}],"predecessor-version":[{"id":314,"href":"https:\/\/virutasdeilusion.com\/blog\/index.php?rest_route=\/wp\/v2\/pages\/220\/revisions\/314"}],"wp:attachment":[{"href":"https:\/\/virutasdeilusion.com\/blog\/index.php?rest_route=%2Fwp%2Fv2%2Fmedia&parent=220"}],"curies":[{"name":"wp","href":"https:\/\/api.w.org\/{rel}","templated":true}]}}